factors of 692066311.
17, 40709783
What are the prime factors of 1302433862?
2, 651216931
What are the prime factors of 50995705?
5, 47, 217003
What are the prime factors of 1790311209?
3, 691, 863633
What are the prime factors of 6032886394?
2, 3016443197
What are the prime factors of 1647721665?
3, 5, 191, 191707
What are the prime factors of 1018436961?
3, 339478987
What are the prime factors of 5443728?
2, 3, 19, 47, 127
List the prime factors of 26708353.
7, 653, 5843
What are the prime factors of 1299042270?
2, 3, 5, 71, 203293
List the prime factors of 146635.
5, 29327
List the prime factors of 1906628938.
2, 293, 1559, 2087
List the prime factors of 6172110.
2, 3, 5, 7, 97, 101
List the prime factors of 668268057.
3, 19, 11724001
What are the prime factors of 468202804?
2, 117050701
What are the prime factors of 29512533?
3, 9837511
List the prime factors of 1093500932.
2, 273375233
What are the prime factors of 67422340?
2, 5, 17, 198301
List the prime factors of 1100972742.
2, 3, 163, 1125739
What are the prime factors of 150816162?
2, 3, 7, 349, 10289
List the prime factors of 14736263.
17, 29, 71, 421
List the prime factors of 703178608.
2, 11, 97, 41189
List the prime factors of 357564439.
19, 73, 257797
What are the prime factors of 5062381972?
2, 23, 2971, 18521
What are the prime factors of 524925256?
2, 3041, 21577
What are the prime factors of 3690959?
19, 79, 2459
List the prime factors of 3973794023.
47, 1481, 57089
What are the prime factors of 251523587?
7, 257, 139813
What are the prime factors of 28513849?
7, 13, 24103
List the prime factors of 247172734.
2, 31, 127, 31391
List the prime factors of 1115368536.
2, 3, 29, 71, 22571
What are the prime factors of 303766909?
29, 41, 449, 569
What are the prime factors of 381142278?
2, 3, 11, 17, 113233
List the prime factors of 225191539.
8263, 27253
List the prime factors of 1250926501.
11, 113720591
List the prime factors of 181169069.
103, 1758923
What are the prime factors of 66632733?
3, 31, 79609
List the prime factors of 339065237.
7, 239, 389, 521
What are the prime factors of 2462813233?
7247, 339839
What are the prime factors of 24459399?
3, 2717711
What are the prime factors of 128412339?
3, 11, 17, 20809
What are the prime factors of 8439968?
2, 73, 3613
List the prime factors of 4622846147.
227, 503, 40487
What are the prime factors of 257049568?
2, 79, 101681
What are the prime factors of 56728670?
2, 5, 101, 56167
List the prime factors of 4492581522.
2, 3, 11, 13, 5236109
What are the prime factors of 755713834?
2, 377856917
List the prime factors of 997259331.
3, 401, 828977
List the prime factors of 7355671511.
7355671511
List the prime factors of 1346325358.
2, 7, 96166097
What are the prime factors of 194852252?
2, 7, 271, 25679
List the prime factors of 365751840.
2, 3, 5, 761983
List the prime factors of 597731876.
2, 7, 29, 223, 3301
List the prime factors of 8743340439.
3, 1531, 634541
List the prime factors of 1928048822.
2, 7, 137717773
List the prime factors of 16783708.
2, 79, 53113
What are the prime factors of 92258503?
107, 862229
What are the prime factors of 819134713?
12487, 65599
What are the prime factors of 455895339?
3, 2053, 74021
List the prime factors of 46995526.
2, 239, 98317
What are the prime factors of 1007054074?
2, 13, 19, 823, 2477
What are the prime factors of 360610885?
5, 17, 199, 21319
List the prime factors of 540356015.
5, 41, 2635883
What are the prime factors of 678438918?
2, 3, 67, 359, 1567
What are the prime factors of 1289019160?
2, 5, 11, 13, 225353
What are the prime factors of 56043969?
3, 18681323
List the prime factors of 2780996302.
2, 7, 71, 2797783
List the prime factors of 311196917.
17, 47, 389483
What are the prime factors of 716717770?
2, 5, 3109, 23053
What are the prime factors of 132509729?
11, 29, 415391
What are the prime factors of 153745433?
17, 9043849
What are the prime factors of 839801439?
3, 31, 4129
What are the prime factors of 790646277?
3, 223, 761, 1553
What are the prime factors of 89277?
3, 29759
List the prime factors of 101754405.
3, 5, 19, 61, 1951
List the prime factors of 63841199.
197, 324067
What are the prime factors of 472232562?
2, 3, 17, 4629731
What are the prime factors of 9253721546?
2, 3001, 1541773
What are the prime factors of 53115824?
2, 641, 5179
What are the prime factors of 1265730647?
181, 1459, 4793
What are the prime factors of 352439573?
352439573
What are the prime factors of 3365025624?
2, 3, 46736467
What are the prime factors of 46757274?
2, 3, 1693, 4603
List the prime factors of 40959414.
2, 3, 97, 23459
List the prime factors of 216004132.
2, 23, 2347871
List the prime factors of 915300582.
2, 3, 7, 101, 215771
List the prime factors of 398214388.
2, 11, 13, 19, 3331
What are the prime factors of 731780676?
2, 3, 11, 163, 3779
List the prime factors of 3391024810.
2, 5, 19, 29, 615431
What are the prime factors of 722983444?
2, 180745861
List the prime factors of 29023034.
2, 1879, 7723
List the prime factors of 2276933822.
2, 269, 883, 4793
What are the prime factors of 987707144?
2, 123463393
What are the prime factors of 76736579?
23, 181, 18433
List the prime factors of 845866711.
845866711
List the prime factors of 436921331.
7, 11, 257, 22079
List the prime factors of 1246988889.
3, 138554321
List the prime factors of 6624972105.
3, 5, 1063, 415489
What are the prime factors of 797403032?
2, 113, 882083
What are the prime factors of 1528172655?
3, 5, 9007, 11311
What are the prime factors of 260353134?
2, 3, 1973, 7331
List the prime factors of 3014423406.
2, 3, 167467967
What are the prime factors of 3654287093?
36809, 99277
List the prime factors of 1364228050.
2, 5, 27284561
What are the prime factors of 29079969?
3, 9693323
List the prime factors of 988622988.
2, 3, 113, 729073
What are the prime factors of 322268680?
2, 5, 1733, 4649
What are the prime factors of 91326352?
2, 13, 41, 10709
What are the prime factors of 505250862?
2, 3, 4721, 17837
What are the prime factors of 1082012?
2, 19, 23, 619
List the prime factors of 62821661.
7, 179, 181, 277
What are the prime factors of 1628855151?
3, 7, 11, 29, 243149
What are the prime factors of 38427593?
281, 136753
List the prime factors of 28732691.
13, 31, 83, 859
List the prime factors of 4975277746.
2, 241, 853, 12101
What are the prime factors of 40994923?
2753, 14891
List the prime factors of 1308887669.
149, 491, 17891
List the prime factors of 2850906542.
2, 11, 47, 2757163
List the prime factors of 2334367361.
18089, 129049
List the prime factors of 357165820.
2, 5, 11, 1009, 1609
What are the prime factors of 310943827?
131, 1171, 2027
What are the prime factors of 36246566?
2, 19, 61, 823
List the prime factors of 46288845.
3, 5, 19, 54139
What are the prime factors of 150446688?
2, 3, 7, 131, 1709
What are the prime factors of 45958750?
2, 5, 36767
List the prime factors of 14441396.
2, 37, 97577
List the prime factors of 2358444.
2, 3, 11, 17, 1051
What are the prime factors of 239280273?
3, 26586697
List the prime factors of 34234889.
13, 17, 97, 1597
List the prime factors of 531946452.
2, 3, 4597, 9643
List the prime factors of 453303989.
97, 4673237
What are the prime factors of 110792148?
2, 3, 719, 12841
List the prime factors of 412042578.
2, 3, 68673763
What are the prime factors of 2116669692?
2, 3, 19, 53, 109, 1607
List the prime factors of 3379703.
367, 9209
List the prime factors of 702158136.
2, 3, 29256589
What are the prime factors of 250630164?
2, 3, 31, 224579
List the prime factors of 527279595.
3, 5, 29, 1093, 1109
List the prime factors of 16100346.
2, 3, 31, 86561
List the prime factors of 586798060.
2, 5, 67, 437909
List the prime factors of 1037803012.
2, 17, 89, 171481
List the prime factors of 63195895.
5, 7, 1805597
List the prime factors of 2328129932.
2, 582032483
What are the prime factors of 33483754?
2, 61, 274457
What are the prime factors of 2744476899?
3, 53, 191, 90371
What are the prime factors of 317034248?
2, 39629281
What are the prime factors of 84061405?
5, 16812281
List the prime factors of 104964325.
5, 107, 39239
What are the prime factors of 3373078689?
3, 307, 1220803
List the prime factors of 1289258805.
3, 5, 809, 106243
What